atest common factor of 57 and m?
57
Let i(q) = -q - 7. Let n be i(-13). Let m(u) = -u**2 + 21*u - 20. Let h be m(20). Suppose h*k + 7*k = 14. Calculate the greatest common divisor of k and n.
2
Let l = 10611 + -4549. Calculate the greatest common divisor of 56 and l.
14
Suppose -50*b + 13*b = -63455. What is the greatest common divisor of b and 98?
49
Let m = 206 - 198. Suppose 3 = -7*s + m*s - 2*k, 4*s - 2*k = 36. Let o = 121 - 0. Calculate the highest common factor of o and s.
11
Let h = -125 - -57. Let a be ((-152)/(-6))/((h/(-6))/17). What is the greatest common factor of 190 and a?
38
Suppose -12*m + 6*m + 24 = 0. Suppose -5*f + r = -171, -3*r = -8 - m. What is the greatest common factor of 5 and f?
5
Let w = 569 + -161. Suppose 27*h + w = 30*h. Suppose -7*a = -2*a - 2*i - h, -i = 5*a - 142. What is the highest common factor of 140 and a?
28
Suppose -287*b + 88 = -279*b. Let k(f) = 17*f - 165. Let h be k(b). Calculate the highest common factor of 11 and h.
11
Let p(g) = -59*g**2 - 1899*g - 42. Let d be p(-32). Calculate the highest common divisor of d and 51770.
310
Let r be 60/8*(-4)/3. Let j = r - -24. Let p be (11 + -17)*385/(-15). What is the highest common divisor of j and p?
14
Let y(h) = 16*h - 79. Let x be y(13). Suppose -136*s = -x*s - 420. Calculate the greatest common divisor of 15 and s.
15
Let o be 34/17*(-62)/(-4). Calculate the greatest common divisor of o and 310.
31
Let k = 3859 + -3731. Calculate the highest common divisor of 3968 and k.
128
Suppose -19 = 188*b - 189*b. Suppose b*q + 1881 = 38*q. What is the greatest common factor of q and 22?
11
Let r(h) = -6*h - 40. Let n be r(-8). Let d be 3/(12/n) - (2 - 14). What is the highest common factor of d and 476?
14
Let x = -395121 - -396246. Suppose -4*t + 2*t = -2*h - 86, 0 = -t + 5*h + 35. Calculate the highest common divisor of x and t.
45
Let a = -5584 + 7138. Calculate the highest common divisor of a and 126.
42
Let n be 440/(-100)*(-7)/(98/1645). What is the highest common factor of n and 1457?
47
Let x = 30 + -12. Let z = 1131 - 645. What is the greatest common divisor of z and x?
18
Suppose -540 = -s - 6*u + 10*u, 3*u - 15 = 0. Calculate the highest common factor of s and 1400.
280
Suppose 2*x = 5*x + 3*x. Suppose 80*a - 71*a - 9 = x. Calculate the highest common factor of 61 and a.
1
Suppose 11 = 5*b - 59. Let l(r) be the second derivative of -11*r**3/2 - 184*r**2 - 101*r + 2. Let j be l(-12). What is the greatest common factor of b and j?
14
Suppose -c + x = -268, 202*x - 14 = 209*x. What is the highest common factor of 826 and c?
14
Let q(i) = i**3 + 33*i**2 + 38*i - 81. Let a be q(-22). Calculate the highest common divisor of 13 and a.
13
Let q(g) = -g**3 - g**2 - 2*g + 832. Let t be q(0). Suppose 4*c - 28 = 0, 921*c + 74 = 3*k + 926*c. What is the greatest common factor of k and t?
13
Suppose -497 = 4*t - 4*n - 2497, -2*n + 512 = t. Suppose 42*u - 57*u + 72*u - 456 = 0. Calculate the highest common factor of t and u.
8
Let t(j) be the third derivative of j**4/4 + 313*j**3/6 - 24*j**2. Let i be t(-9). What is the highest common factor of 74 and i?
37
Let h = 2973 + -2473. What is the greatest common divisor of h and 180?
20
Let w = -132 - -262. Let p = 14 + 40. Let m = p + -28. What is the highest common divisor of m and w?
26
Let y(j) = -5*j**3 - 142*j**2 - 75*j - 147. Let u be y(-28). What is the highest common factor of u and 980?
35
Let a(m) = -8*m + 61. Let j(r) = -25*r + 185. Let t(z) = -10*a(z) + 3*j(z). Let y be t(17). What is the greatest common divisor of y and 30?
30
Suppose -27*r = r + 1260. Let o be r + 64 + 10/(1*2). Calculate the greatest common factor of o and 32.
8
Let l(g) = -g**2 - 3*g - 2. Let d be l(0). Let v be 1 - (-2 + 0 - 78/d). Let x be 82/((-15)/20 - 51/v). What is the highest common divisor of x and 41?
41
Let q be (-8 - -4 - -4)/1. Suppose y + 5*m - 3*m - 202 = q, -994 = -5*y - 2*m. Let r = -1202 - -1220. Calculate the greatest common divisor of y and r.
18
Suppose -3*a = -36 - 342. Let q = 198 + -183. Let c be 25/15 - (-245)/q. Calculate the greatest common divisor of a and c.
18
Let x = 527 + 184. What is the highest common divisor of 21 and x?
3
Let o = -90 + 92. Let j be (o - (-1)/(-5))/(33/110). What is the highest common factor of j and 16?
2
Let y = -9 + -114. Suppose -4*b + 4*c - 300 = 0, 150 = -b - b + 5*c. Let r = b - y. Calculate the highest common divisor of r and 528.
48
Let v = -2185 + 2479. Calculate the highest common divisor of v and 2793.
147
Let w(f) = 2*f**3 - 12*f**2 - 23*f + 67. Let t be w(13). Calculate the highest common factor of 44 and t.
22
Suppose 2*k + k = 51. Let g(t) = 53*t - 66. Let y be g(7). Let i = -169 + y. What is the greatest common divisor of k and i?
17
Let k = 5206 + -5145. Calculate the greatest common divisor of k and 6832.
61
Suppose 0 = -17*b - 130*b - 54674 + 252977. Calculate the greatest common divisor of 19 and b.
19
Suppose 4*p - 3*t - 362 = 0, -26*t = -29*t + 6. What is the highest common factor of 16 and p?
4
Let w be (820/240)/(-41) + (-1 - (-29906)/24). What is the highest common factor of 1992 and w?
249
Suppose -j + 4*z + 1368 = -4266, -z + 6 = 0. Calculate the highest common divisor of j and 966.
138
Let r = 115 - 110. Suppose -r*u + 195 = 10*u. What is the highest common factor of 1 and u?
1
Let v be 150 + -1 + -18 + 20. What is the greatest common factor of 1359 and v?
151
Let w be -2 + 135/1 - (1 + -3). Let p = -1032 - -1077. Calculate the highest common divisor of p and w.
45
Suppose -15*j = -61 + 16. Suppose -5*h + 590 = 2*p, -j*h = h - 3*p - 495. What is the highest common factor of h and 48?
24
Suppose 75 = 2*v + 3*y - 12, 5*v = -4*y + 249. What is the greatest common factor of v and 893?
19
Let r(p) = 6*p**3 + p - 2. Let g be r(1). Suppose -g*q = -38 + 3. What is the greatest common factor of q and 14?
7
Let w(z) = 3*z**3 + 260*z**2 + 173*z + 142. Let g be w(-86). What is the highest common divisor of 259 and g?
7
Let a(j) = 2*j**2 + 108*j + 1238. Let v be a(-38). Calculate the greatest common factor of 1034 and v.
22
Let p be (3 - (-2701)/8) + (-39)/(-104). Calculate the highest common factor of p and 209.
11
Let t be (-2)/(11/(66/(-5)) - (-249)/306). Calculate the highest common factor of 354 and t.
6
Let m = 365 - 359. Suppose m*g - 1276 = -23*g. What is the highest common factor of g and 33?
11
Let b = -3319 + 3440. What is the highest common factor of b and 968?
121
Suppose -10*y + 15*y + 484296 = 39*y. What is the highest common factor of 12 and y?
12
Let g = 237900 + -237898. Let y = 0 + 9. Calculate the greatest common divisor of y and g.
1
Let t(y) = 14*y - 1. Let o be t(2). Suppose o*q + 180 = 31*q. Suppose 2*r - q = -3*r. Calculate the highest common divisor of r and 6.
3
Let c be (7/(-3))/((549/270)/(-61)) - 0. Calculate the greatest common factor of c and 38990.
70
Let q be (-2)/(-2 - 0) - (5 - 9). Suppose q*v - 63 = -3. What is the highest common divisor of v and 180?
12
Let r = 1630 + -906. What is the greatest common divisor of 4 and r?
4
Let w = 31735 + -31721. What is the greatest common divisor of w and 917?
7
Let h be 142875/525*(-210)/(-25). What is the highest common divisor of 42 and h?
6
Let b be ((-108)/405)/(2/(-3)) + 236/10. Let c(n) = 21*n - 3. Let w be c(7). What is the highest common factor of b and w?
24
Let t be (-26532)/(-198) + -1*2*-1. Let q be (t/12)/((12/(-9))/(-4)). What is the highest common divisor of 323 and q?
17
Let y = -835 + 1231. Let v = -294 + y. Calculate the highest common divisor of 12 and v.
6
Let a(j) = -6*j**2 - 17*j + 43. Let i be a(-12). Let r = i + 717. Calculate the highest common factor of 12 and r.
4
Let g(j) = -72*j - 66. Let h be g(-6). Let w = -255 + h. What is the greatest common divisor of w and 74?
37
Let f be 34 + -16 + (-156)/(-6). Calculate the highest common divisor of 187 and f.
11
Let g(w) = 6*w**2 - w. Let i be g(-3). Let v(l) = -186*l - 3. Let q be v(-4). What is the greatest common factor of i and q?
57
Let w = 55 + -46. Let n be (21/(-14))/(w/(-12)). Calculate the highest common factor of 34 and n.
2
Suppose -940*o + 4*d - 2460 = -945*o, 5*d = -25. Calculate the greatest common factor of o and 240.
16
Let x = -435 - -58. Let g = -311 - x. Calculate the highest common factor of g and 22.
22
